{"id":1954,"date":"2023-05-11T14:59:52","date_gmt":"2023-05-11T12:59:52","guid":{"rendered":"http:\/\/couckhuyt.addf-demo.be\/?page_id=1954"},"modified":"2023-10-04T08:39:11","modified_gmt":"2023-10-04T06:39:11","slug":"monuments-7","status":"publish","type":"page","link":"https:\/\/centrefunerairecouckhuyt.be\/index.php\/monuments-7\/","title":{"rendered":"Monuments"},"content":{"rendered":"<div data-colibri-id=\"1954-c1\" class=\"style-1861 style-local-1954-c1 position-relative\">\n  <!---->\n  <div data-colibri-component=\"section\" data-colibri-id=\"1954-c2\" id=\"reusable-sections\" class=\"h-section h-section-global-spacing d-flex align-items-lg-center align-items-md-center align-items-center style-1862 style-local-1954-c2 position-relative\">\n    <!---->\n    <!---->\n    <div class=\"h-section-grid-container h-section-boxed-container\">\n      <!---->\n      <div data-colibri-id=\"1954-c3\" class=\"h-row-container gutters-row-lg-0 gutters-row-md-0 gutters-row-0 gutters-row-v-lg-0 gutters-row-v-md-0 gutters-row-v-0 style-1863 style-local-1954-c3 position-relative\">\n        <!---->\n        <div class=\"h-row justify-content-lg-center justify-content-md-center justify-content-center align-items-lg-stretch align-items-md-stretch align-items-stretch gutters-col-lg-0 gutters-col-md-0 gutters-col-0 gutters-col-v-lg-0 gutters-col-v-md-0 gutters-col-v-0\">\n          <!---->\n          <div class=\"h-column h-column-container d-flex h-col-lg-auto h-col-md-auto h-col-auto style-1864-outer style-local-1954-c4-outer\">\n            <div data-colibri-id=\"1954-c4\" class=\"d-flex h-flex-basis h-column__inner h-ui-empty-state-container h-px-lg-2 h-px-md-2 h-px-2 v-inner-lg-2 v-inner-md-2 v-inner-2 style-1864 style-local-1954-c4 position-relative\">\n              <div class=\"background-wrapper\">\n                <div class=\"background-layer background-layer-media-container-lg\">\n                  <div data-slide-duration=\"4100\" data-slide-speed=\"1000\" data-colibri-component=\"slideshow\" class=\"background-layer colibri-slideshow\" model-id=\"1954-c4\" media=\"desktop\">\n                    <div class=\"slideshow-image lazyload\" style=\"background-image:inherit; visibility: visible; z-index: 3; opacity: 0; transition: opacity 1000ms calc(3.1s);\" data-bg-image=\"url(&quot;https:\/\/centrefunerairecouckhuyt.be\/wp-content\/uploads\/2023\/05\/Monuments-3-scaled.jpg&quot;)\"><\/div>\n                    <div class=\"slideshow-image lazyload\" style=\"background-image:inherit; z-index: 2;\" data-bg-image=\"url(&quot;https:\/\/centrefunerairecouckhuyt.be\/wp-content\/uploads\/2023\/05\/Monuments-4-scaled.jpg&quot;)\"><\/div>\n                    <div class=\"slideshow-image lazyload\" style=\"background-image:inherit;\" data-bg-image=\"url(&quot;https:\/\/centrefunerairecouckhuyt.be\/wp-content\/uploads\/2023\/05\/Monuments-5.jpg&quot;)\"><\/div>\n                    <div class=\"slideshow-image lazyload\" style=\"background-image:inherit;\" data-bg-image=\"url(&quot;https:\/\/centrefunerairecouckhuyt.be\/wp-content\/uploads\/2023\/05\/Monuments.jpg&quot;)\"><\/div>\n                    <div class=\"slideshow-image lazyload\" style=\"background-image:inherit;\" data-bg-image=\"url(&quot;https:\/\/centrefunerairecouckhuyt.be\/wp-content\/uploads\/2023\/05\/Monuments-2.jpg&quot;)\"><\/div>\n                    <div class=\"slideshow-image lazyload\" style=\"background-image:inherit;\" data-bg-image=\"url(&quot;https:\/\/centrefunerairecouckhuyt.be\/wp-content\/uploads\/2023\/05\/Monuments-6.jpg&quot;)\"><\/div>\n                  <\/div>\n                <\/div>\n                <div class=\"background-layer background-layer-media-container-md\">\n                  <div data-slide-duration=\"4100\" data-slide-speed=\"1000\" data-colibri-component=\"slideshow\" class=\"background-layer colibri-slideshow\" model-id=\"1954-c4\" media=\"tablet\">\n                    <div class=\"slideshow-image lazyload\" style=\"background-image:inherit; visibility: visible; z-index: 3; opacity: 0; transition: opacity 1000ms calc(3.1s);\" data-bg-image=\"url(&quot;https:\/\/centrefunerairecouckhuyt.be\/wp-content\/uploads\/2023\/05\/Monuments-3-scaled.jpg&quot;)\"><\/div>\n                    <div class=\"slideshow-image lazyload\" style=\"background-image:inherit; z-index: 2;\" data-bg-image=\"url(&quot;https:\/\/centrefunerairecouckhuyt.be\/wp-content\/uploads\/2023\/05\/Monuments-4-scaled.jpg&quot;)\"><\/div>\n                    <div class=\"slideshow-image lazyload\" style=\"background-image:inherit;\" data-bg-image=\"url(&quot;https:\/\/centrefunerairecouckhuyt.be\/wp-content\/uploads\/2023\/05\/Monuments-5.jpg&quot;)\"><\/div>\n                    <div class=\"slideshow-image lazyload\" style=\"background-image:inherit;\" data-bg-image=\"url(&quot;https:\/\/centrefunerairecouckhuyt.be\/wp-content\/uploads\/2023\/05\/Monuments.jpg&quot;)\"><\/div>\n                    <div class=\"slideshow-image lazyload\" style=\"background-image:inherit;\" data-bg-image=\"url(&quot;https:\/\/centrefunerairecouckhuyt.be\/wp-content\/uploads\/2023\/05\/Monuments-2.jpg&quot;)\"><\/div>\n                    <div class=\"slideshow-image lazyload\" style=\"background-image:inherit;\" data-bg-image=\"url(&quot;https:\/\/centrefunerairecouckhuyt.be\/wp-content\/uploads\/2023\/05\/Monuments-6.jpg&quot;)\"><\/div>\n                  <\/div>\n                <\/div>\n                <div class=\"background-layer background-layer-media-container\">\n                  <div data-slide-duration=\"4100\" data-slide-speed=\"1000\" data-colibri-component=\"slideshow\" class=\"background-layer colibri-slideshow\" model-id=\"1954-c4\" media=\"mobile\">\n                    <div class=\"slideshow-image lazyload\" style=\"background-image:inherit; visibility: visible; z-index: 3; opacity: 0; transition: opacity 1000ms calc(3.1s);\" data-bg-image=\"url(&quot;https:\/\/centrefunerairecouckhuyt.be\/wp-content\/uploads\/2023\/05\/Monuments-3-scaled.jpg&quot;)\"><\/div>\n                    <div class=\"slideshow-image lazyload\" style=\"background-image:inherit; z-index: 2;\" data-bg-image=\"url(&quot;https:\/\/centrefunerairecouckhuyt.be\/wp-content\/uploads\/2023\/05\/Monuments-4-scaled.jpg&quot;)\"><\/div>\n                    <div class=\"slideshow-image lazyload\" style=\"background-image:inherit;\" data-bg-image=\"url(&quot;https:\/\/centrefunerairecouckhuyt.be\/wp-content\/uploads\/2023\/05\/Monuments-5.jpg&quot;)\"><\/div>\n                    <div class=\"slideshow-image lazyload\" style=\"background-image:inherit;\" data-bg-image=\"url(&quot;https:\/\/centrefunerairecouckhuyt.be\/wp-content\/uploads\/2023\/05\/Monuments.jpg&quot;)\"><\/div>\n                    <div class=\"slideshow-image lazyload\" style=\"background-image:inherit;\" data-bg-image=\"url(&quot;https:\/\/centrefunerairecouckhuyt.be\/wp-content\/uploads\/2023\/05\/Monuments-2.jpg&quot;)\"><\/div>\n                    <div class=\"slideshow-image lazyload\" style=\"background-image:inherit;\" data-bg-image=\"url(&quot;https:\/\/centrefunerairecouckhuyt.be\/wp-content\/uploads\/2023\/05\/Monuments-6.jpg&quot;)\"><\/div>\n                  <\/div>\n                <\/div>\n              <\/div>\n              <!---->\n              <div class=\"w-100 h-y-container h-column__content h-column__v-align flex-basis-100\">\n                <!---->\n              <\/div>\n            <\/div>\n          <\/div>\n          <div class=\"h-column h-column-container d-flex h-col-lg-auto h-col-md-auto h-col-auto style-1865-outer style-local-1954-c5-outer\">\n            <div data-colibri-id=\"1954-c5\" class=\"d-flex h-flex-basis h-column__inner h-px-lg-0 h-px-md-0 h-px-0 v-inner-lg-0 v-inner-md-0 v-inner-0 style-1865 style-local-1954-c5 position-relative\">\n              <!---->\n              <!---->\n              <div class=\"w-100 h-y-container h-column__content h-column__v-align flex-basis-100 align-self-lg-start align-self-md-start align-self-start\">\n                <!---->\n                <div data-colibri-id=\"1954-c6\" class=\"h-global-transition-all h-heading style-1866 style-local-1954-c6 position-relative h-element\">\n                  <!---->\n                  <div class=\"h-heading__outer style-1866 style-local-1954-c6\">\n                    <!---->\n                    <!---->\n                    <h2 class=\"\"><em style=\"font-family: &quot;Playfair Display&quot;;\">Notre service monuments<\/em><\/h2>\n                  <\/div>\n                <\/div>\n                <div data-colibri-id=\"1954-c7\" class=\"h-text h-text-component style-1867 style-local-1954-c7 position-relative h-element\">\n                  <!---->\n                  <!---->\n                  <div class=\"\">\n                    <p>Nous sommes sp\u00e9cialis\u00e9s dans la cr\u00e9ation et la pose de monuments fun\u00e9raires de qualit\u00e9 professionnelle pour honorer la m\u00e9moire de vos proches disparus. Nous offrons un large choix de styles, de mat\u00e9riaux et de finitions pour r\u00e9pondre\n                      \u00e0 tous les go\u00fbts et \u00e0 tous les budgets.<\/p>\n                  <\/div>\n                <\/div>\n              <\/div>\n            <\/div>\n          <\/div>\n        <\/div>\n      <\/div>\n    <\/div>\n  <\/div>\n<\/div>","protected":false},"excerpt":{"rendered":"<p>Notre service monuments Nous sommes sp\u00e9cialis\u00e9s dans la cr\u00e9ation et la pose de monuments fun\u00e9raires de qualit\u00e9 professionnelle pour honorer la m\u00e9moire de vos proches disparus. Nous offrons un large choix de styles, de mat\u00e9riaux et de finitions pour r\u00e9pondre \u00e0 tous les go\u00fbts et \u00e0 tous les budgets.<\/p>\n","protected":false},"author":1,"featured_media":0,"parent":0,"menu_order":0,"comment_status":"closed","ping_status":"closed","template":"page-templates\/full-width-page.php","meta":{"om_disable_all_campaigns":false,"_monsterinsights_skip_tracking":false,"_monsterinsights_sitenote_active":false,"_monsterinsights_sitenote_note":"","_monsterinsights_sitenote_category":0,"footnotes":""},"class_list":["post-1954","page","type-page","status-publish","hentry"],"aioseo_notices":[],"_links":{"self":[{"href":"https:\/\/centrefunerairecouckhuyt.be\/index.php\/wp-json\/wp\/v2\/pages\/1954","targetHints":{"allow":["GET"]}}],"collection":[{"href":"https:\/\/centrefunerairecouckhuyt.be\/index.php\/wp-json\/wp\/v2\/pages"}],"about":[{"href":"https:\/\/centrefunerairecouckhuyt.be\/index.php\/wp-json\/wp\/v2\/types\/page"}],"author":[{"embeddable":true,"href":"https:\/\/centrefunerairecouckhuyt.be\/index.php\/wp-json\/wp\/v2\/users\/1"}],"replies":[{"embeddable":true,"href":"https:\/\/centrefunerairecouckhuyt.be\/index.php\/wp-json\/wp\/v2\/comments?post=1954"}],"version-history":[{"count":3,"href":"https:\/\/centrefunerairecouckhuyt.be\/index.php\/wp-json\/wp\/v2\/pages\/1954\/revisions"}],"predecessor-version":[{"id":2223,"href":"https:\/\/centrefunerairecouckhuyt.be\/index.php\/wp-json\/wp\/v2\/pages\/1954\/revisions\/2223"}],"wp:attachment":[{"href":"https:\/\/centrefunerairecouckhuyt.be\/index.php\/wp-json\/wp\/v2\/media?parent=1954"}],"curies":[{"name":"wp","href":"https:\/\/api.w.org\/{rel}","templated":true}]}}